


{"id":4069,"date":"2021-10-08T10:56:30","date_gmt":"2021-10-08T08:56:30","guid":{"rendered":"https:\/\/www.editions-eni.fr\/blog\/?page_id=4069"},"modified":"2024-04-04T11:27:06","modified_gmt":"2024-04-04T09:27:06","slug":"test-numerique-eni","status":"publish","type":"page","link":"https:\/\/www.editions-eni.fr\/blog\/test-numerique-eni\/","title":{"rendered":"Test Num\u00e9rique ENI"},"content":{"rendered":"<p>[et_pb_section fb_built=&#8221;1&#8243; admin_label=&#8221;Header&#8221; _builder_version=&#8221;4.9.0&#8243; use_background_color_gradient=&#8221;on&#8221; background_color_gradient_start=&#8221;#004183&#8243; background_color_gradient_end=&#8221;#001f4c&#8221; background_color_gradient_type=&#8221;radial&#8221; background_enable_image=&#8221;off&#8221; background_position=&#8221;bottom_center&#8221; custom_padding=&#8221;2vw||2vw||false|false&#8221; locked=&#8221;off&#8221;][et_pb_row column_structure=&#8221;1_2,1_2&#8243; disabled_on=&#8221;off|off|off&#8221; _builder_version=&#8221;4.9.7&#8243; z_index=&#8221;10&#8243; custom_padding=&#8221;0px||0px||false|false&#8221; custom_css_main_element_last_edited=&#8221;off|desktop&#8221; custom_css_main_element_tablet=&#8221;display:flex;&#8221;][et_pb_column type=&#8221;1_2&#8243; _builder_version=&#8221;3.25.1&#8243;][et_pb_text _builder_version=&#8221;4.9.7&#8243; text_font=&#8221;||||||||&#8221; header_font=&#8221;Overpass|300|||||||&#8221; header_font_size=&#8221;46px&#8221; background_layout=&#8221;dark&#8221; custom_margin=&#8221;||||false|false&#8221; custom_margin_tablet=&#8221;0px||||false|false&#8221; custom_margin_phone=&#8221;&#8221; custom_margin_last_edited=&#8221;on|tablet&#8221; animation_direction=&#8221;bottom&#8221; header_font_size_tablet=&#8221;36px&#8221; header_font_size_phone=&#8221;24px&#8221; header_font_size_last_edited=&#8221;on|phone&#8221; locked=&#8221;off&#8221;]<\/p>\n<h1 style=\"text-align: left;\">Nous vous remercions d\u2019avoir r\u00e9alis\u00e9 le Test Num\u00e9rique ENI.<\/h1>\n<h3>Vous souhaitez vous former \u00e0 l\u2019informatique ?<br \/>D\u00e9couvrez la richesse de l\u2019univers ENI !<\/h3>\n<p>[\/et_pb_text][\/et_pb_column][et_pb_column type=&#8221;1_2&#8243; _builder_version=&#8221;3.25.1&#8243;][et_pb_image src=&#8221;https:\/\/www.editions-eni.fr\/blog\/wp-content\/uploads\/2021\/06\/testnumerique.png&#8221; alt=&#8221;test num\u00e9rique&#8221; title_text=&#8221;testnumerique&#8221; _builder_version=&#8221;4.9.7&#8243; _module_preset=&#8221;default&#8221; width=&#8221;50%&#8221; max_width=&#8221;81%&#8221; max_width_tablet=&#8221;61%&#8221; max_width_phone=&#8221;&#8221; max_width_last_edited=&#8221;on|tablet&#8221; animation_style=&#8221;slide&#8221; animation_direction=&#8221;right&#8221; animation_intensity_slide=&#8221;10%&#8221; animation_speed_curve=&#8221;ease&#8221; module_alignment_tablet=&#8221;center&#8221; module_alignment_phone=&#8221;&#8221; module_alignment_last_edited=&#8221;on|tablet&#8221;][\/et_pb_image][\/et_pb_column][\/et_pb_row][\/et_pb_section][et_pb_section fb_built=&#8221;1&#8243; _builder_version=&#8221;4.9.7&#8243; _module_preset=&#8221;default&#8221; background_color=&#8221;#EEEEEE&#8221; custom_margin=&#8221;0px||0px||false|false&#8221; custom_padding=&#8221;0px||0px||false|false&#8221;][et_pb_row column_structure=&#8221;1_2,1_4,1_4&#8243; _builder_version=&#8221;4.9.7&#8243; _module_preset=&#8221;default&#8221;][et_pb_column type=&#8221;1_2&#8243; _builder_version=&#8221;4.9.7&#8243; _module_preset=&#8221;default&#8221;][et_pb_text _builder_version=&#8221;4.9.7&#8243; _module_preset=&#8221;default&#8221; custom_margin=&#8221;5px||||false|false&#8221;]<\/p>\n<h4 style=\"font-weight: normal;\">Vous \u00eates une entreprise ?<br \/>Faites passer le Test Num\u00e9rique ENI \u00e0 vos \u00e9quipes !<\/h4>\n<p>[\/et_pb_text][\/et_pb_column][et_pb_column type=&#8221;1_4&#8243; _builder_version=&#8221;4.9.7&#8243; _module_preset=&#8221;default&#8221;][et_pb_button button_url=&#8221;https:\/\/www.eni-elearning.com\/fr\/test-numerique-eni.htm&#8221; url_new_window=&#8221;on&#8221; button_text=&#8221;En savoir plus&#8221; _builder_version=&#8221;4.9.7&#8243; _module_preset=&#8221;default&#8221; custom_button=&#8221;on&#8221; button_text_color=&#8221;#000000&#8243; hover_enabled=&#8221;0&#8243; sticky_enabled=&#8221;0&#8243;][\/et_pb_button][\/et_pb_column][et_pb_column type=&#8221;1_4&#8243; _builder_version=&#8221;4.9.7&#8243; _module_preset=&#8221;default&#8221;][et_pb_image src=&#8221;https:\/\/www.editions-eni.fr\/blog\/wp-content\/uploads\/2021\/06\/5langues.png&#8221; alt=&#8221;5 langues&#8221; title_text=&#8221;5langues&#8221; align=&#8221;center&#8221; _builder_version=&#8221;4.9.7&#8243; _module_preset=&#8221;default&#8221; custom_margin=&#8221;5px||||false|false&#8221;][\/et_pb_image][\/et_pb_column][\/et_pb_row][\/et_pb_section][et_pb_section fb_built=&#8221;1&#8243; custom_padding_last_edited=&#8221;on|phone&#8221; _builder_version=&#8221;4.9.7&#8243; _module_preset=&#8221;default&#8221; custom_padding_tablet=&#8221;0px||||false|false&#8221; custom_padding_phone=&#8221;0px||||false|false&#8221;][et_pb_row column_structure=&#8221;1_2,1_2&#8243; _builder_version=&#8221;4.9.7&#8243; _module_preset=&#8221;default&#8221;][et_pb_column type=&#8221;1_2&#8243; _builder_version=&#8221;4.9.7&#8243; _module_preset=&#8221;default&#8221;][et_pb_text _builder_version=&#8221;4.9.7&#8243; text_font=&#8221;||||||||&#8221; text_line_height=&#8221;1.8em&#8221; header_font=&#8221;||||||||&#8221; header_2_font=&#8221;Overpass|300|||||||&#8221; header_2_font_size=&#8221;35px&#8221; header_2_line_height=&#8221;1.5em&#8221; custom_margin=&#8221;||0px||false|false&#8221; custom_padding=&#8221;||||false|false&#8221; header_2_font_size_tablet=&#8221;30px&#8221; header_2_font_size_phone=&#8221;20px&#8221; header_2_font_size_last_edited=&#8221;on|phone&#8221; border_color_all=&#8221;#1a0a38&#8243;]<\/p>\n<h2><span style=\"color: #3bb6d5;\">LIVRES &#038; VIDEOS<\/span><\/h2>\n<p>[\/et_pb_text][et_pb_text quote_border_color=&#8221;#3BB6D5&#8243; _builder_version=&#8221;4.9.7&#8243; _module_preset=&#8221;default&#8221; text_font=&#8221;||||||||&#8221;]<strong>EDITIONS ENI<\/strong><br \/>\nD\u00e9couvrez des milliers de livres, vid\u00e9os et<br \/>\nformations en ligne r\u00e9dig\u00e9s &amp; con\u00e7us par nos experts IT, Bureautique, PAO, web&#8230;[\/et_pb_text][et_pb_text quote_border_color=&#8221;#3BB6D5&#8243; _builder_version=&#8221;4.9.7&#8243; _module_preset=&#8221;default&#8221; text_font=&#8221;||||||||&#8221; custom_margin=&#8221;||||false|false&#8221; custom_padding=&#8221;||||false|false&#8221; link_option_url=&#8221;https:\/\/www.editions-eni.fr&#8221; link_option_url_new_window=&#8221;on&#8221;]<\/p>\n<blockquote>\n<p>www.editions-eni.fr<\/p>\n<\/blockquote>\n<p>[\/et_pb_text][et_pb_button button_url=&#8221;https:\/\/www.editions-eni.fr&#8221; url_new_window=&#8221;on&#8221; button_text=&#8221;Je d\u00e9couvre&#8221; _builder_version=&#8221;4.9.7&#8243; _module_preset=&#8221;default&#8221;][\/et_pb_button][\/et_pb_column][et_pb_column type=&#8221;1_2&#8243; _builder_version=&#8221;4.9.7&#8243; _module_preset=&#8221;default&#8221;][et_pb_text _builder_version=&#8221;4.9.7&#8243; text_font=&#8221;||||||||&#8221; text_line_height=&#8221;1.8em&#8221; header_font=&#8221;||||||||&#8221; header_2_font=&#8221;Overpass|300|||||||&#8221; header_2_font_size=&#8221;35px&#8221; header_2_line_height=&#8221;1.5em&#8221; custom_margin=&#8221;||0px||false|false&#8221; custom_padding=&#8221;||||false|false&#8221; header_2_font_size_tablet=&#8221;30px&#8221; header_2_font_size_phone=&#8221;20px&#8221; header_2_font_size_last_edited=&#8221;on|phone&#8221; border_color_all=&#8221;#1a0a38&#8243;]<\/p>\n<h2><span style=\"color: #3bb6d5;\">FORMATIONS CPF<\/span><\/h2>\n<p>[\/et_pb_text][et_pb_text quote_border_color=&#8221;#3BB6D5&#8243; _builder_version=&#8221;4.9.7&#8243; _module_preset=&#8221;default&#8221; text_font=&#8221;||||||||&#8221;]<strong>FORMATIONS CPF<\/strong><br \/>\nUtilisez votre Compte Formation pour vous former \u00e0 l\u2019informatique IT et \u00e0 la bureautique. + de 170 formations 100% \u00e9ligibles CPF ![\/et_pb_text][et_pb_text quote_border_color=&#8221;#3BB6D5&#8243; _builder_version=&#8221;4.9.7&#8243; _module_preset=&#8221;default&#8221; text_font=&#8221;||||||||&#8221; custom_margin=&#8221;||||false|false&#8221; custom_padding=&#8221;||||false|false&#8221; link_option_url=&#8221;https:\/\/www.eni.fr&#8221; link_option_url_new_window=&#8221;on&#8221;]<\/p>\n<blockquote>\n<p>www.eni.fr<\/p>\n<\/blockquote>\n<p>[\/et_pb_text][et_pb_button button_url=&#8221;https:\/\/www.eni.fr&#8221; url_new_window=&#8221;on&#8221; button_text=&#8221;Je d\u00e9couvre&#8221; _builder_version=&#8221;4.9.7&#8243; _module_preset=&#8221;default&#8221;][\/et_pb_button][\/et_pb_column][\/et_pb_row][\/et_pb_section][et_pb_section fb_built=&#8221;1&#8243; custom_padding_last_edited=&#8221;on|phone&#8221; _builder_version=&#8221;4.9.7&#8243; _module_preset=&#8221;default&#8221; custom_margin=&#8221;||60px||false|false&#8221; custom_padding_tablet=&#8221;0px||||false|false&#8221; custom_padding_phone=&#8221;0px||||false|false&#8221;][et_pb_row custom_padding_last_edited=&#8221;on|phone&#8221; _builder_version=&#8221;4.9.7&#8243; _module_preset=&#8221;default&#8221; custom_padding_tablet=&#8221;&#8221; custom_padding_phone=&#8221;0px||0px||false|false&#8221;][et_pb_column type=&#8221;4_4&#8243; _builder_version=&#8221;4.9.0&#8243; _module_preset=&#8221;default&#8221;][et_pb_text _builder_version=&#8221;4.9.7&#8243; text_font=&#8221;||||||||&#8221; text_line_height=&#8221;1.8em&#8221; header_font=&#8221;||||||||&#8221; header_2_font=&#8221;Overpass|300|||||||&#8221; header_2_font_size=&#8221;35px&#8221; header_2_line_height=&#8221;1.5em&#8221; custom_margin=&#8221;||0px||false|false&#8221; custom_padding=&#8221;||||false|false&#8221; header_2_font_size_tablet=&#8221;30px&#8221; header_2_font_size_phone=&#8221;20px&#8221; header_2_font_size_last_edited=&#8221;on|phone&#8221; border_color_all=&#8221;#1a0a38&#8243;]<\/p>\n<h2><span style=\"color: #0f4c7b;\">POUR LES <strong>PROFESSIONNELS<\/strong><\/h2>\n<p>[\/et_pb_text][et_pb_divider _builder_version=&#8221;4.9.7&#8243; _module_preset=&#8221;default&#8221;][\/et_pb_divider][\/et_pb_column][\/et_pb_row][et_pb_row column_structure=&#8221;1_2,1_2&#8243; _builder_version=&#8221;4.9.7&#8243; _module_preset=&#8221;default&#8221;][et_pb_column type=&#8221;1_2&#8243; _builder_version=&#8221;4.9.7&#8243; _module_preset=&#8221;default&#8221;][et_pb_text _builder_version=&#8221;4.9.7&#8243; text_font=&#8221;||||||||&#8221; text_line_height=&#8221;1.8em&#8221; header_font=&#8221;||||||||&#8221; header_2_font=&#8221;Overpass|300|||||||&#8221; header_2_font_size=&#8221;35px&#8221; header_2_line_height=&#8221;1.5em&#8221; custom_margin=&#8221;||0px||false|false&#8221; custom_padding=&#8221;||||false|false&#8221; header_2_font_size_tablet=&#8221;30px&#8221; header_2_font_size_phone=&#8221;20px&#8221; header_2_font_size_last_edited=&#8221;on|phone&#8221; border_color_all=&#8221;#1a0a38&#8243;]<\/p>\n<h3><span style=\"color: #0f4c7b;\">FORMATIONS AVEC FORMATEURS<\/span><\/h3>\n<p>[\/et_pb_text][et_pb_text quote_border_color=&#8221;#3BB6D5&#8243; _builder_version=&#8221;4.9.7&#8243; _module_preset=&#8221;default&#8221; text_font=&#8221;||||||||&#8221;]Montez rapidement en comp\u00e9tences gr\u00e2ce \u00e0 plus de 700 formations \u00e0 l\u2019informatique disponibles, \u00e0 distance et en pr\u00e9sentiel.[\/et_pb_text][et_pb_text quote_border_color=&#8221;#3BB6D5&#8243; _builder_version=&#8221;4.9.7&#8243; _module_preset=&#8221;default&#8221; text_font=&#8221;||||||||&#8221; custom_margin=&#8221;||||false|false&#8221; custom_padding=&#8221;||||false|false&#8221; link_option_url=&#8221;https:\/\/www.eni-service.fr&#8221; link_option_url_new_window=&#8221;on&#8221;]<\/p>\n<blockquote>\n<p>www.eni-service.fr<\/p>\n<\/blockquote>\n<p>[\/et_pb_text][et_pb_button button_url=&#8221;https:\/\/www.eni-service.fr&#8221; url_new_window=&#8221;on&#8221; button_text=&#8221;Je d\u00e9couvre&#8221; _builder_version=&#8221;4.9.7&#8243; _module_preset=&#8221;default&#8221;][\/et_pb_button][\/et_pb_column][et_pb_column type=&#8221;1_2&#8243; _builder_version=&#8221;4.9.7&#8243; _module_preset=&#8221;default&#8221;][et_pb_text _builder_version=&#8221;4.9.7&#8243; text_font=&#8221;||||||||&#8221; text_line_height=&#8221;1.8em&#8221; header_font=&#8221;||||||||&#8221; header_2_font=&#8221;Overpass|300|||||||&#8221; header_2_font_size=&#8221;35px&#8221; header_2_line_height=&#8221;1.5em&#8221; custom_margin=&#8221;||0px||false|false&#8221; custom_padding=&#8221;||||false|false&#8221; header_2_font_size_tablet=&#8221;30px&#8221; header_2_font_size_phone=&#8221;20px&#8221; header_2_font_size_last_edited=&#8221;on|phone&#8221; border_color_all=&#8221;#1a0a38&#8243;]<\/p>\n<h3><span style=\"color: #0f4c7b;\">FORMATIONS<br \/>\nEN E-LEARNING<\/span><\/h3>\n<p>[\/et_pb_text][et_pb_text quote_border_color=&#8221;#3BB6D5&#8243; _builder_version=&#8221;4.9.7&#8243; _module_preset=&#8221;default&#8221; text_font=&#8221;||||||||&#8221;]<\/p>\n<p>Permettez \u00e0 vos salari\u00e9s de se former \u00e0 distance, dans 5 langues et d\u00e9veloppez leurs comp\u00e9tences num\u00e9riques.<br \/><em>Avec des e-formations cibl\u00e9es bas\u00e9es sur chaque point cl\u00e9 du test, pour une mont\u00e9e en comp\u00e9tences optimales.<\/em><\/p>\n<p>[\/et_pb_text][et_pb_text quote_border_color=&#8221;#3BB6D5&#8243; _builder_version=&#8221;4.9.7&#8243; _module_preset=&#8221;default&#8221; text_font=&#8221;||||||||&#8221; custom_margin=&#8221;||||false|false&#8221; custom_padding=&#8221;||||false|false&#8221; link_option_url=&#8221;https:\/\/eni-elearning.com&#8221; link_option_url_new_window=&#8221;on&#8221;]<\/p>\n<blockquote>\n<p>eni-elearning.com<\/p>\n<\/blockquote>\n<p>[\/et_pb_text][et_pb_button button_url=&#8221;https:\/\/www.eni-elearning.com&#8221; url_new_window=&#8221;on&#8221; button_text=&#8221;Je d\u00e9couvre&#8221; _builder_version=&#8221;4.9.7&#8243; _module_preset=&#8221;default&#8221;][\/et_pb_button][\/et_pb_column][\/et_pb_row][\/et_pb_section]<\/p>\n","protected":false},"excerpt":{"rendered":"<p>Nous vous remercions d\u2019avoir r\u00e9alis\u00e9 le Test Num\u00e9rique ENI. Vous souhaitez vous former \u00e0 l\u2019informatique ?D\u00e9couvrez la richesse de l\u2019univers ENI !Vous \u00eates une entreprise ?Faites passer le Test Num\u00e9rique ENI \u00e0 vos \u00e9quipes !LIVRES &#038; VIDEOSEDITIONS ENI D\u00e9couvrez des milliers de livres, vid\u00e9os et formations en ligne r\u00e9dig\u00e9s &amp; con\u00e7us par nos experts IT, [&hellip;]<\/p>\n","protected":false},"author":3,"featured_media":0,"parent":0,"menu_order":0,"comment_status":"closed","ping_status":"closed","template":"page-template-blank.php","meta":{"_acf_changed":false,"_et_pb_use_builder":"on","_et_pb_old_content":"","_et_gb_content_width":"","inline_featured_image":false,"footnotes":""},"genre":[],"class_list":["post-4069","page","type-page","status-publish","hentry"],"acf":[],"yoast_head":"<!-- This site is optimized with the Yoast SEO plugin v24.7 - https:\/\/yoast.com\/wordpress\/plugins\/seo\/ -->\n<title>Test Num\u00e9rique ENI - Eni Blog<\/title>\n<meta name=\"robots\" content=\"index, follow, max-snippet:-1, max-image-preview:large, max-video-preview:-1\" \/>\n<link rel=\"canonical\" href=\"https:\/\/www.editions-eni.fr\/blog\/test-numerique-eni\/\" \/>\n<meta property=\"og:locale\" content=\"fr_FR\" \/>\n<meta property=\"og:type\" content=\"article\" \/>\n<meta property=\"og:title\" content=\"Test Num\u00e9rique ENI - Eni Blog\" \/>\n<meta property=\"og:description\" content=\"Nous vous remercions d\u2019avoir r\u00e9alis\u00e9 le Test Num\u00e9rique ENI. Vous souhaitez vous former \u00e0 l\u2019informatique ?D\u00e9couvrez la richesse de l\u2019univers ENI !Vous \u00eates une entreprise ?Faites passer le Test Num\u00e9rique ENI \u00e0 vos \u00e9quipes !LIVRES &amp; VIDEOSEDITIONS ENI D\u00e9couvrez des milliers de livres, vid\u00e9os et formations en ligne r\u00e9dig\u00e9s &amp; con\u00e7us par nos experts IT, [&hellip;]\" \/>\n<meta property=\"og:url\" content=\"https:\/\/www.editions-eni.fr\/blog\/test-numerique-eni\/\" \/>\n<meta property=\"og:site_name\" content=\"Eni Blog\" \/>\n<meta property=\"article:modified_time\" content=\"2024-04-04T09:27:06+00:00\" \/>\n<meta name=\"twitter:card\" content=\"summary_large_image\" \/>\n<meta name=\"twitter:label1\" content=\"Dur\u00e9e de lecture estim\u00e9e\" \/>\n\t<meta name=\"twitter:data1\" content=\"3 minutes\" \/>\n<script type=\"application\/ld+json\" class=\"yoast-schema-graph\">{\"@context\":\"https:\/\/schema.org\",\"@graph\":[{\"@type\":\"WebPage\",\"@id\":\"https:\/\/www.editions-eni.fr\/blog\/test-numerique-eni\/\",\"url\":\"https:\/\/www.editions-eni.fr\/blog\/test-numerique-eni\/\",\"name\":\"Test Num\u00e9rique ENI - Eni Blog\",\"isPartOf\":{\"@id\":\"https:\/\/www.editions-eni.fr\/blog\/#website\"},\"datePublished\":\"2021-10-08T08:56:30+00:00\",\"dateModified\":\"2024-04-04T09:27:06+00:00\",\"breadcrumb\":{\"@id\":\"https:\/\/www.editions-eni.fr\/blog\/test-numerique-eni\/#breadcrumb\"},\"inLanguage\":\"fr-FR\",\"potentialAction\":[{\"@type\":\"ReadAction\",\"target\":[\"https:\/\/www.editions-eni.fr\/blog\/test-numerique-eni\/\"]}]},{\"@type\":\"BreadcrumbList\",\"@id\":\"https:\/\/www.editions-eni.fr\/blog\/test-numerique-eni\/#breadcrumb\",\"itemListElement\":[{\"@type\":\"ListItem\",\"position\":1,\"name\":\"Home\",\"item\":\"https:\/\/www.editions-eni.fr\/blog\/\"},{\"@type\":\"ListItem\",\"position\":2,\"name\":\"Test Num\u00e9rique ENI\"}]},{\"@type\":\"WebSite\",\"@id\":\"https:\/\/www.editions-eni.fr\/blog\/#website\",\"url\":\"https:\/\/www.editions-eni.fr\/blog\/\",\"name\":\"Eni Blog\",\"description\":\"Blog des Editions ENI\",\"potentialAction\":[{\"@type\":\"SearchAction\",\"target\":{\"@type\":\"EntryPoint\",\"urlTemplate\":\"https:\/\/www.editions-eni.fr\/blog\/?s={search_term_string}\"},\"query-input\":{\"@type\":\"PropertyValueSpecification\",\"valueRequired\":true,\"valueName\":\"search_term_string\"}}],\"inLanguage\":\"fr-FR\"}]}<\/script>\n<!-- \/ Yoast SEO plugin. -->","yoast_head_json":{"title":"Test Num\u00e9rique ENI - Eni Blog","robots":{"index":"index","follow":"follow","max-snippet":"max-snippet:-1","max-image-preview":"max-image-preview:large","max-video-preview":"max-video-preview:-1"},"canonical":"https:\/\/www.editions-eni.fr\/blog\/test-numerique-eni\/","og_locale":"fr_FR","og_type":"article","og_title":"Test Num\u00e9rique ENI - Eni Blog","og_description":"Nous vous remercions d\u2019avoir r\u00e9alis\u00e9 le Test Num\u00e9rique ENI. Vous souhaitez vous former \u00e0 l\u2019informatique ?D\u00e9couvrez la richesse de l\u2019univers ENI !Vous \u00eates une entreprise ?Faites passer le Test Num\u00e9rique ENI \u00e0 vos \u00e9quipes !LIVRES & VIDEOSEDITIONS ENI D\u00e9couvrez des milliers de livres, vid\u00e9os et formations en ligne r\u00e9dig\u00e9s &amp; con\u00e7us par nos experts IT, [&hellip;]","og_url":"https:\/\/www.editions-eni.fr\/blog\/test-numerique-eni\/","og_site_name":"Eni Blog","article_modified_time":"2024-04-04T09:27:06+00:00","twitter_card":"summary_large_image","twitter_misc":{"Dur\u00e9e de lecture estim\u00e9e":"3 minutes"},"schema":{"@context":"https:\/\/schema.org","@graph":[{"@type":"WebPage","@id":"https:\/\/www.editions-eni.fr\/blog\/test-numerique-eni\/","url":"https:\/\/www.editions-eni.fr\/blog\/test-numerique-eni\/","name":"Test Num\u00e9rique ENI - Eni Blog","isPartOf":{"@id":"https:\/\/www.editions-eni.fr\/blog\/#website"},"datePublished":"2021-10-08T08:56:30+00:00","dateModified":"2024-04-04T09:27:06+00:00","breadcrumb":{"@id":"https:\/\/www.editions-eni.fr\/blog\/test-numerique-eni\/#breadcrumb"},"inLanguage":"fr-FR","potentialAction":[{"@type":"ReadAction","target":["https:\/\/www.editions-eni.fr\/blog\/test-numerique-eni\/"]}]},{"@type":"BreadcrumbList","@id":"https:\/\/www.editions-eni.fr\/blog\/test-numerique-eni\/#breadcrumb","itemListElement":[{"@type":"ListItem","position":1,"name":"Home","item":"https:\/\/www.editions-eni.fr\/blog\/"},{"@type":"ListItem","position":2,"name":"Test Num\u00e9rique ENI"}]},{"@type":"WebSite","@id":"https:\/\/www.editions-eni.fr\/blog\/#website","url":"https:\/\/www.editions-eni.fr\/blog\/","name":"Eni Blog","description":"Blog des Editions ENI","potentialAction":[{"@type":"SearchAction","target":{"@type":"EntryPoint","urlTemplate":"https:\/\/www.editions-eni.fr\/blog\/?s={search_term_string}"},"query-input":{"@type":"PropertyValueSpecification","valueRequired":true,"valueName":"search_term_string"}}],"inLanguage":"fr-FR"}]}},"_links":{"self":[{"href":"https:\/\/www.editions-eni.fr\/blog\/wp-json\/wp\/v2\/pages\/4069","targetHints":{"allow":["GET"]}}],"collection":[{"href":"https:\/\/www.editions-eni.fr\/blog\/wp-json\/wp\/v2\/pages"}],"about":[{"href":"https:\/\/www.editions-eni.fr\/blog\/wp-json\/wp\/v2\/types\/page"}],"author":[{"embeddable":true,"href":"https:\/\/www.editions-eni.fr\/blog\/wp-json\/wp\/v2\/users\/3"}],"replies":[{"embeddable":true,"href":"https:\/\/www.editions-eni.fr\/blog\/wp-json\/wp\/v2\/comments?post=4069"}],"version-history":[{"count":21,"href":"https:\/\/www.editions-eni.fr\/blog\/wp-json\/wp\/v2\/pages\/4069\/revisions"}],"predecessor-version":[{"id":4145,"href":"https:\/\/www.editions-eni.fr\/blog\/wp-json\/wp\/v2\/pages\/4069\/revisions\/4145"}],"wp:attachment":[{"href":"https:\/\/www.editions-eni.fr\/blog\/wp-json\/wp\/v2\/media?parent=4069"}],"wp:term":[{"taxonomy":"genre","embeddable":true,"href":"https:\/\/www.editions-eni.fr\/blog\/wp-json\/wp\/v2\/genre?post=4069"}],"curies":[{"name":"wp","href":"https:\/\/api.w.org\/{rel}","templated":true}]}}